{"id":8167,"date":"2018-02-26T13:05:26","date_gmt":"2018-02-26T13:05:26","guid":{"rendered":"\/drejtoria-e-kurrikulave-sigurimit-te-cilesise-dhe-kerkimit-shkencor\/"},"modified":"2018-02-26T13:05:26","modified_gmt":"2018-02-26T13:05:26","slug":"drejtoria-e-kurrikulave-sigurimit-te-cilesise-dhe-kerkimit-shkencor","status":"publish","type":"page","link":"https:\/\/unkorce.edu.al\/en\/drejtoria-e-kurrikulave-sigurimit-te-cilesise-dhe-kerkimit-shkencor\/","title":{"rendered":"DREJTORIA E KURRIKULAVE, SIGURIMIT T\u00cb CIL\u00cbSIS\u00cb DHE K\u00cbRKIMIT SHKENCOR"},"content":{"rendered":"<h2><span style=\"color:#008080\">DREJTORIA E KURRIKULAVE, SIGURIMIT T\u00cb CIL\u00cbSIS\u00cb DHE K\u00cbRKIMIT SHKENCOR<\/span><\/h2>\n<hr \/>\n<p><a href=\"\/en\/sites\/default\/files\/PLANI%20VJETOR%20DREJTORIA%20E%20KURRIKULAVE%202019-2020.pdf\/\">PLANI VJETOR (PDF)<\/a><\/p>\n<hr \/>\n<p><a href=\"\/en\/sites\/default\/files\/Artur%20Prifti%20%281%29.pdf\/\"><strong>Z. Artur Prifti<\/strong>&nbsp;(CV)<\/a> &#8211; Drejtor i Drejtoris\u00eb s\u00eb Kurrikulave, Sigurimit t\u00eb Cil\u00ebsis\u00eb dhe K\u00ebrkimit Shkencor<\/p>\n<p>Kjo dretjori kujdeset :<\/p>\n<ul>\n<li>p\u00ebr hartimin, organizimin dhe zbatimin e programeve t\u00eb reja t\u00eb studimit dhe \u00e7\u00ebshtje q\u00eb lidhen me zbatimin e detyrave t\u00eb l\u00ebna nga ASCAL-i, si dhe p\u00ebr monitorimin e cil\u00ebsis\u00eb s\u00eb zbatimit t\u00eb kurrikul\u00ebs n\u00eb cikle t\u00eb ndryshme t\u00eb studimit<\/li>\n<li>p\u00ebr mbar\u00ebvajtjen e veprimtarive t\u00eb p\u00ebrgjithshme k\u00ebrkimore n\u00eb institucion, mbik\u00ebqyrjen e procedur\u00ebs s\u00eb aplikimit dhe menaxhimit t\u00eb projekteve k\u00ebrkimore dhe hartimin e planit strategjik t\u00eb nevojsh\u00ebm p\u00ebr mbar\u00ebvajtjen e pun\u00ebs k\u00ebrkimore e botuese.<\/li>\n<li>p\u00ebr zhvillimin e veprimtarive t\u00eb trajnimit dhe t\u00eb kualifikimit n\u00eb zhvillimin e kompetencave profesionale, n\u00eb m\u00ebnyrat dhe praktikat e zhvillimit profesional t\u00eb specialist\u00ebve t\u00eb fushave t\u00eb ndryshme<\/li>\n<\/ul>\n<p><u><strong>SEKTORET<\/strong><\/u><\/p>\n<p>Sektori i Kurrikulave dhe Sigurimit t\u00eb Cil\u00ebsis\u00eb<\/p>\n<p>Sektori i Projekteve K\u00ebrkimit Shkencor dhe Digjitalizimit<\/p>","protected":false},"excerpt":{"rendered":"<p>DREJTORIA E KURRIKULAVE, SIGURIMIT T\u00cb CIL\u00cbSIS\u00cb DHE K\u00cbRKIMIT SHKENCOR PLANI VJETOR (PDF) Z. Artur Prifti&nbsp;(CV) &#8211; Drejtor i Drejtoris\u00eb s\u00eb Kurrikulave, Sigurimit t\u00eb Cil\u00ebsis\u00eb dhe K\u00ebrkimit Shkencor Kjo dretjori kujdeset : p\u00ebr hartimin, organizimin dhe zbatimin e programeve t\u00eb reja t\u00eb studimit dhe \u00e7\u00ebshtje q\u00eb lidhen me zbatimin e detyrave t\u00eb l\u00ebna nga ASCAL-i, si&#8230;<\/p>","protected":false},"author":122,"featured_media":0,"parent":0,"menu_order":0,"comment_status":"closed","ping_status":"closed","template":"","meta":{"_acf_changed":false,"footnotes":""},"class_list":["post-8167","page","type-page","status-publish","hentry"],"acf":[],"yoast_head":"<!-- This site is optimized with the Yoast SEO plugin v26.9 - https:\/\/yoast.com\/product\/yoast-seo-wordpress\/ -->\n<title>DREJTORIA E KURRIKULAVE, SIGURIMIT T\u00cb CIL\u00cbSIS\u00cb DHE K\u00cbRKIMIT SHKENCOR - Universiteti &quot;Fan S. Noli&quot;, Kor\u00e7\u00eb<\/title>\n<meta name=\"robots\" content=\"index, follow, max-snippet:-1, max-image-preview:large, max-video-preview:-1\" \/>\n<link rel=\"canonical\" href=\"https:\/\/unkorce.edu.al\/en\/drejtoria-e-kurrikulave-sigurimit-te-cilesise-dhe-kerkimit-shkencor\/\" \/>\n<meta property=\"og:locale\" content=\"en_US\" \/>\n<meta property=\"og:type\" content=\"article\" \/>\n<meta property=\"og:title\" content=\"DREJTORIA E KURRIKULAVE, SIGURIMIT T\u00cb CIL\u00cbSIS\u00cb DHE K\u00cbRKIMIT SHKENCOR - Universiteti &quot;Fan S. Noli&quot;, Kor\u00e7\u00eb\" \/>\n<meta property=\"og:description\" content=\"DREJTORIA E KURRIKULAVE, SIGURIMIT T\u00cb CIL\u00cbSIS\u00cb DHE K\u00cbRKIMIT SHKENCOR PLANI VJETOR (PDF) Z. Artur Prifti&nbsp;(CV) &#8211; Drejtor i Drejtoris\u00eb s\u00eb Kurrikulave, Sigurimit t\u00eb Cil\u00ebsis\u00eb dhe K\u00ebrkimit Shkencor Kjo dretjori kujdeset : p\u00ebr hartimin, organizimin dhe zbatimin e programeve t\u00eb reja t\u00eb studimit dhe \u00e7\u00ebshtje q\u00eb lidhen me zbatimin e detyrave t\u00eb l\u00ebna nga ASCAL-i, si...\" \/>\n<meta property=\"og:url\" content=\"https:\/\/unkorce.edu.al\/en\/drejtoria-e-kurrikulave-sigurimit-te-cilesise-dhe-kerkimit-shkencor\/\" \/>\n<meta property=\"og:site_name\" content=\"Universiteti &quot;Fan S. Noli&quot;, Kor\u00e7\u00eb\" \/>\n<meta property=\"article:publisher\" content=\"https:\/\/www.facebook.com\/unkorce\" \/>\n<meta name=\"twitter:card\" content=\"summary_large_image\" \/>\n<meta name=\"twitter:label1\" content=\"Est. reading time\" \/>\n\t<meta name=\"twitter:data1\" content=\"1 minute\" \/>\n<script type=\"application\/ld+json\" class=\"yoast-schema-graph\">{\"@context\":\"https:\/\/schema.org\",\"@graph\":[{\"@type\":\"WebPage\",\"@id\":\"https:\/\/unkorce.edu.al\/drejtoria-e-kurrikulave-sigurimit-te-cilesise-dhe-kerkimit-shkencor\/\",\"url\":\"https:\/\/unkorce.edu.al\/drejtoria-e-kurrikulave-sigurimit-te-cilesise-dhe-kerkimit-shkencor\/\",\"name\":\"DREJTORIA E KURRIKULAVE, SIGURIMIT T\u00cb CIL\u00cbSIS\u00cb DHE K\u00cbRKIMIT SHKENCOR - Universiteti \\\"Fan S. Noli\\\", Kor\u00e7\u00eb\",\"isPartOf\":{\"@id\":\"https:\/\/unkorce.edu.al\/#website\"},\"datePublished\":\"2018-02-26T13:05:26+00:00\",\"breadcrumb\":{\"@id\":\"https:\/\/unkorce.edu.al\/drejtoria-e-kurrikulave-sigurimit-te-cilesise-dhe-kerkimit-shkencor\/#breadcrumb\"},\"inLanguage\":\"en-US\",\"potentialAction\":[{\"@type\":\"ReadAction\",\"target\":[\"https:\/\/unkorce.edu.al\/drejtoria-e-kurrikulave-sigurimit-te-cilesise-dhe-kerkimit-shkencor\/\"]}]},{\"@type\":\"BreadcrumbList\",\"@id\":\"https:\/\/unkorce.edu.al\/drejtoria-e-kurrikulave-sigurimit-te-cilesise-dhe-kerkimit-shkencor\/#breadcrumb\",\"itemListElement\":[{\"@type\":\"ListItem\",\"position\":1,\"name\":\"Home\",\"item\":\"https:\/\/unkorce.edu.al\/\"},{\"@type\":\"ListItem\",\"position\":2,\"name\":\"DREJTORIA E KURRIKULAVE, SIGURIMIT T\u00cb CIL\u00cbSIS\u00cb DHE K\u00cbRKIMIT SHKENCOR\"}]},{\"@type\":\"WebSite\",\"@id\":\"https:\/\/unkorce.edu.al\/#website\",\"url\":\"https:\/\/unkorce.edu.al\/\",\"name\":\"Universiteti \\\"Fan S. Noli\\\", Kor\u00e7\u00eb\",\"description\":\"Mir&euml;sevini n&euml; faqen zyrtare!\",\"publisher\":{\"@id\":\"https:\/\/unkorce.edu.al\/#organization\"},\"potentialAction\":[{\"@type\":\"SearchAction\",\"target\":{\"@type\":\"EntryPoint\",\"urlTemplate\":\"https:\/\/unkorce.edu.al\/?s={search_term_string}\"},\"query-input\":{\"@type\":\"PropertyValueSpecification\",\"valueRequired\":true,\"valueName\":\"search_term_string\"}}],\"inLanguage\":\"en-US\"},{\"@type\":\"Organization\",\"@id\":\"https:\/\/unkorce.edu.al\/#organization\",\"name\":\"Universiteti \\\"Fan S. Noli\\\", Kor\u00e7\u00eb\",\"url\":\"https:\/\/unkorce.edu.al\/\",\"logo\":{\"@type\":\"ImageObject\",\"inLanguage\":\"en-US\",\"@id\":\"https:\/\/unkorce.edu.al\/#\/schema\/logo\/image\/\",\"url\":\"https:\/\/unkorce.edu.al\/wp-content\/uploads\/2024\/08\/Logo_e_Universitetit__Fan_Noli_-e1726660879862.png\",\"contentUrl\":\"https:\/\/unkorce.edu.al\/wp-content\/uploads\/2024\/08\/Logo_e_Universitetit__Fan_Noli_-e1726660879862.png\",\"width\":200,\"height\":120,\"caption\":\"Universiteti \\\"Fan S. Noli\\\", Kor\u00e7\u00eb\"},\"image\":{\"@id\":\"https:\/\/unkorce.edu.al\/#\/schema\/logo\/image\/\"},\"sameAs\":[\"https:\/\/www.facebook.com\/unkorce\"]}]}<\/script>\n<!-- \/ Yoast SEO plugin. -->","yoast_head_json":{"title":"DREJTORIA E KURRIKULAVE, SIGURIMIT T\u00cb CIL\u00cbSIS\u00cb DHE K\u00cbRKIMIT SHKENCOR - Universiteti \"Fan S. Noli\", Kor\u00e7\u00eb","robots":{"index":"index","follow":"follow","max-snippet":"max-snippet:-1","max-image-preview":"max-image-preview:large","max-video-preview":"max-video-preview:-1"},"canonical":"https:\/\/unkorce.edu.al\/en\/drejtoria-e-kurrikulave-sigurimit-te-cilesise-dhe-kerkimit-shkencor\/","og_locale":"en_US","og_type":"article","og_title":"DREJTORIA E KURRIKULAVE, SIGURIMIT T\u00cb CIL\u00cbSIS\u00cb DHE K\u00cbRKIMIT SHKENCOR - Universiteti \"Fan S. Noli\", Kor\u00e7\u00eb","og_description":"DREJTORIA E KURRIKULAVE, SIGURIMIT T\u00cb CIL\u00cbSIS\u00cb DHE K\u00cbRKIMIT SHKENCOR PLANI VJETOR (PDF) Z. Artur Prifti&nbsp;(CV) &#8211; Drejtor i Drejtoris\u00eb s\u00eb Kurrikulave, Sigurimit t\u00eb Cil\u00ebsis\u00eb dhe K\u00ebrkimit Shkencor Kjo dretjori kujdeset : p\u00ebr hartimin, organizimin dhe zbatimin e programeve t\u00eb reja t\u00eb studimit dhe \u00e7\u00ebshtje q\u00eb lidhen me zbatimin e detyrave t\u00eb l\u00ebna nga ASCAL-i, si...","og_url":"https:\/\/unkorce.edu.al\/en\/drejtoria-e-kurrikulave-sigurimit-te-cilesise-dhe-kerkimit-shkencor\/","og_site_name":"Universiteti \"Fan S. Noli\", Kor\u00e7\u00eb","article_publisher":"https:\/\/www.facebook.com\/unkorce","twitter_card":"summary_large_image","twitter_misc":{"Est. reading time":"1 minute"},"schema":{"@context":"https:\/\/schema.org","@graph":[{"@type":"WebPage","@id":"https:\/\/unkorce.edu.al\/drejtoria-e-kurrikulave-sigurimit-te-cilesise-dhe-kerkimit-shkencor\/","url":"https:\/\/unkorce.edu.al\/drejtoria-e-kurrikulave-sigurimit-te-cilesise-dhe-kerkimit-shkencor\/","name":"DREJTORIA E KURRIKULAVE, SIGURIMIT T\u00cb CIL\u00cbSIS\u00cb DHE K\u00cbRKIMIT SHKENCOR - Universiteti \"Fan S. Noli\", Kor\u00e7\u00eb","isPartOf":{"@id":"https:\/\/unkorce.edu.al\/#website"},"datePublished":"2018-02-26T13:05:26+00:00","breadcrumb":{"@id":"https:\/\/unkorce.edu.al\/drejtoria-e-kurrikulave-sigurimit-te-cilesise-dhe-kerkimit-shkencor\/#breadcrumb"},"inLanguage":"en-US","potentialAction":[{"@type":"ReadAction","target":["https:\/\/unkorce.edu.al\/drejtoria-e-kurrikulave-sigurimit-te-cilesise-dhe-kerkimit-shkencor\/"]}]},{"@type":"BreadcrumbList","@id":"https:\/\/unkorce.edu.al\/drejtoria-e-kurrikulave-sigurimit-te-cilesise-dhe-kerkimit-shkencor\/#breadcrumb","itemListElement":[{"@type":"ListItem","position":1,"name":"Home","item":"https:\/\/unkorce.edu.al\/"},{"@type":"ListItem","position":2,"name":"DREJTORIA E KURRIKULAVE, SIGURIMIT T\u00cb CIL\u00cbSIS\u00cb DHE K\u00cbRKIMIT SHKENCOR"}]},{"@type":"WebSite","@id":"https:\/\/unkorce.edu.al\/#website","url":"https:\/\/unkorce.edu.al\/","name":"Universiteti \"Fan S. Noli\", Kor\u00e7\u00eb","description":"Mir&euml;sevini n&euml; faqen zyrtare!","publisher":{"@id":"https:\/\/unkorce.edu.al\/#organization"},"potentialAction":[{"@type":"SearchAction","target":{"@type":"EntryPoint","urlTemplate":"https:\/\/unkorce.edu.al\/?s={search_term_string}"},"query-input":{"@type":"PropertyValueSpecification","valueRequired":true,"valueName":"search_term_string"}}],"inLanguage":"en-US"},{"@type":"Organization","@id":"https:\/\/unkorce.edu.al\/#organization","name":"Universiteti \"Fan S. Noli\", Kor\u00e7\u00eb","url":"https:\/\/unkorce.edu.al\/","logo":{"@type":"ImageObject","inLanguage":"en-US","@id":"https:\/\/unkorce.edu.al\/#\/schema\/logo\/image\/","url":"https:\/\/unkorce.edu.al\/wp-content\/uploads\/2024\/08\/Logo_e_Universitetit__Fan_Noli_-e1726660879862.png","contentUrl":"https:\/\/unkorce.edu.al\/wp-content\/uploads\/2024\/08\/Logo_e_Universitetit__Fan_Noli_-e1726660879862.png","width":200,"height":120,"caption":"Universiteti \"Fan S. Noli\", Kor\u00e7\u00eb"},"image":{"@id":"https:\/\/unkorce.edu.al\/#\/schema\/logo\/image\/"},"sameAs":["https:\/\/www.facebook.com\/unkorce"]}]}},"_links":{"self":[{"href":"https:\/\/unkorce.edu.al\/en\/wp-json\/wp\/v2\/pages\/8167","targetHints":{"allow":["GET"]}}],"collection":[{"href":"https:\/\/unkorce.edu.al\/en\/wp-json\/wp\/v2\/pages"}],"about":[{"href":"https:\/\/unkorce.edu.al\/en\/wp-json\/wp\/v2\/types\/page"}],"author":[{"embeddable":true,"href":"https:\/\/unkorce.edu.al\/en\/wp-json\/wp\/v2\/users\/122"}],"replies":[{"embeddable":true,"href":"https:\/\/unkorce.edu.al\/en\/wp-json\/wp\/v2\/comments?post=8167"}],"version-history":[{"count":0,"href":"https:\/\/unkorce.edu.al\/en\/wp-json\/wp\/v2\/pages\/8167\/revisions"}],"wp:attachment":[{"href":"https:\/\/unkorce.edu.al\/en\/wp-json\/wp\/v2\/media?parent=8167"}],"curies":[{"name":"wp","href":"https:\/\/api.w.org\/{rel}","templated":true}]}}

DREJTORIA E KURRIKULAVE, SIGURIMIT TË CILËSISË DHE KËRKIMIT SHKENCOR

<h2><span style="color:#008080">DREJTORIA E KURRIKULAVE, SIGURIMIT TË CILËSISË DHE KËRKIMIT SHKENCOR</span></h2>
<hr />
<p><a href="/en/sites/default/files/PLANI%20VJETOR%20DREJTORIA%20E%20KURRIKULAVE%202019-2020.pdf/">PLANI VJETOR (PDF)</a></p>
<hr />
<p><a href="/en/sites/default/files/Artur%20Prifti%20%281%29.pdf/"><strong>Z. Artur Prifti</strong>&nbsp;(CV)</a> &#8211; Drejtor i Drejtorisë së Kurrikulave, Sigurimit të Cilësisë dhe Kërkimit Shkencor</p>
<p>Kjo dretjori kujdeset :</p>
<ul>
<li>për hartimin, organizimin dhe zbatimin e programeve të reja të studimit dhe çështje që lidhen me zbatimin e detyrave të lëna nga ASCAL-i, si dhe për monitorimin e cilësisë së zbatimit të kurrikulës në cikle të ndryshme të studimit</li>
<li>për mbarëvajtjen e veprimtarive të përgjithshme kërkimore në institucion, mbikëqyrjen e procedurës së aplikimit dhe menaxhimit të projekteve kërkimore dhe hartimin e planit strategjik të nevojshëm për mbarëvajtjen e punës kërkimore e botuese.</li>
<li>për zhvillimin e veprimtarive të trajnimit dhe të kualifikimit në zhvillimin e kompetencave profesionale, në mënyrat dhe praktikat e zhvillimit profesional të specialistëve të fushave të ndryshme</li>
</ul>
<p><u><strong>SEKTORET</strong></u></p>
<p>Sektori i Kurrikulave dhe Sigurimit të Cilësisë</p>
<p>Sektori i Projekteve Kërkimit Shkencor dhe Digjitalizimit</p>

<p>DREJTORIA E KURRIKULAVE, SIGURIMIT TË CILËSISË DHE KËRKIMIT SHKENCOR PLANI VJETOR (PDF) Z. Artur Prifti&nbsp;(CV) &#8211; Drejtor i Drejtorisë së Kurrikulave, Sigurimit të Cilësisë dhe Kërkimit Shkencor Kjo dretjori kujdeset : për hartimin, organizimin dhe zbatimin e programeve të reja të studimit dhe çështje që lidhen me zbatimin e detyrave të lëna nga ASCAL-i, si&#8230;</p>

<!-- This site is optimized with the Yoast SEO plugin v26.9 - https://yoast.com/product/yoast-seo-wordpress/ -->
<title>DREJTORIA E KURRIKULAVE, SIGURIMIT TË CILËSISË DHE KËRKIMIT SHKENCOR - Universiteti &quot;Fan S. Noli&quot;, Korçë</title>
<meta name="robots" content="index, follow, max-snippet:-1, max-image-preview:large, max-video-preview:-1" />
<link rel="canonical" href="https://unkorce.edu.al/en/drejtoria-e-kurrikulave-sigurimit-te-cilesise-dhe-kerkimit-shkencor/" />
<meta property="og:locale" content="en_US" />
<meta property="og:type" content="article" />
<meta property="og:title" content="DREJTORIA E KURRIKULAVE, SIGURIMIT TË CILËSISË DHE KËRKIMIT SHKENCOR - Universiteti &quot;Fan S. Noli&quot;, Korçë" />
<meta property="og:description" content="DREJTORIA E KURRIKULAVE, SIGURIMIT TË CILËSISË DHE KËRKIMIT SHKENCOR PLANI VJETOR (PDF) Z. Artur Prifti&nbsp;(CV) &#8211; Drejtor i Drejtorisë së Kurrikulave, Sigurimit të Cilësisë dhe Kërkimit Shkencor Kjo dretjori kujdeset : për hartimin, organizimin dhe zbatimin e programeve të reja të studimit dhe çështje që lidhen me zbatimin e detyrave të lëna nga ASCAL-i, si..." />
<meta property="og:url" content="https://unkorce.edu.al/en/drejtoria-e-kurrikulave-sigurimit-te-cilesise-dhe-kerkimit-shkencor/" />
<meta property="og:site_name" content="Universiteti &quot;Fan S. Noli&quot;, Korçë" />
<meta property="article:publisher" content="https://www.facebook.com/unkorce" />
<meta name="twitter:card" content="summary_large_image" />
<meta name="twitter:label1" content="Est. reading time" />
	<meta name="twitter:data1" content="1 minute" />
<script type="application/ld+json" class="yoast-schema-graph">{"@context":"https://schema.org","@graph":[{"@type":"WebPage","@id":"https://unkorce.edu.al/drejtoria-e-kurrikulave-sigurimit-te-cilesise-dhe-kerkimit-shkencor/","url":"https://unkorce.edu.al/drejtoria-e-kurrikulave-sigurimit-te-cilesise-dhe-kerkimit-shkencor/","name":"DREJTORIA E KURRIKULAVE, SIGURIMIT TË CILËSISË DHE KËRKIMIT SHKENCOR - Universiteti \"Fan S. Noli\", Korçë","isPartOf":{"@id":"https://unkorce.edu.al/#website"},"datePublished":"2018-02-26T13:05:26+00:00","breadcrumb":{"@id":"https://unkorce.edu.al/drejtoria-e-kurrikulave-sigurimit-te-cilesise-dhe-kerkimit-shkencor/#breadcrumb"},"inLanguage":"en-US","potentialAction":[{"@type":"ReadAction","target":["https://unkorce.edu.al/drejtoria-e-kurrikulave-sigurimit-te-cilesise-dhe-kerkimit-shkencor/"]}]},{"@type":"BreadcrumbList","@id":"https://unkorce.edu.al/drejtoria-e-kurrikulave-sigurimit-te-cilesise-dhe-kerkimit-shkencor/#breadcrumb","itemListElement":[{"@type":"ListItem","position":1,"name":"Home","item":"https://unkorce.edu.al/"},{"@type":"ListItem","position":2,"name":"DREJTORIA E KURRIKULAVE, SIGURIMIT TË CILËSISË DHE KËRKIMIT SHKENCOR"}]},{"@type":"WebSite","@id":"https://unkorce.edu.al/#website","url":"https://unkorce.edu.al/","name":"Universiteti \"Fan S. Noli\", Korçë","description":"Mir&euml;sevini n&euml; faqen zyrtare!","publisher":{"@id":"https://unkorce.edu.al/#organization"},"potentialAction":[{"@type":"SearchAction","target":{"@type":"EntryPoint","urlTemplate":"https://unkorce.edu.al/?s={search_term_string}"},"query-input":{"@type":"PropertyValueSpecification","valueRequired":true,"valueName":"search_term_string"}}],"inLanguage":"en-US"},{"@type":"Organization","@id":"https://unkorce.edu.al/#organization","name":"Universiteti \"Fan S. Noli\", Korçë","url":"https://unkorce.edu.al/","logo":{"@type":"ImageObject","inLanguage":"en-US","@id":"https://unkorce.edu.al/#/schema/logo/image/","url":"https://unkorce.edu.al/wp-content/uploads/2024/08/Logo_e_Universitetit__Fan_Noli_-e1726660879862.png","contentUrl":"https://unkorce.edu.al/wp-content/uploads/2024/08/Logo_e_Universitetit__Fan_Noli_-e1726660879862.png","width":200,"height":120,"caption":"Universiteti \"Fan S. Noli\", Korçë"},"image":{"@id":"https://unkorce.edu.al/#/schema/logo/image/"},"sameAs":["https://www.facebook.com/unkorce"]}]}</script>
<!-- / Yoast SEO plugin. -->

DREJTORIA E KURRIKULAVE, SIGURIMIT TË CILËSISË DHE KËRKIMIT SHKENCOR - Universiteti "Fan S. Noli", Korçë

DREJTORIA E KURRIKULAVE, SIGURIMIT TË CILËSISË DHE KËRKIMIT SHKENCOR PLANI VJETOR (PDF) Z. Artur Prifti&nbsp;(CV) &#8211; Drejtor i Drejtorisë së Kurrikulave, Sigurimit të Cilësisë dhe Kërkimit Shkencor Kjo dretjori kujdeset : për hartimin, organizimin dhe zbatimin e programeve të reja të studimit dhe çështje që lidhen me zbatimin e detyrave të lëna nga ASCAL-i, si...

Universiteti "Fan S. Noli", Korçë
