{"id":20865,"date":"2023-11-01T14:19:36","date_gmt":"2023-11-01T14:19:36","guid":{"rendered":"\/?page_id=20865"},"modified":"2023-11-01T14:19:36","modified_gmt":"2023-11-01T14:19:36","slug":"thirrje-pe-mobilitet-ne-universitetin-e-orleans-france","status":"publish","type":"page","link":"https:\/\/unkorce.edu.al\/en\/thirrje-pe-mobilitet-ne-universitetin-e-orleans-france\/","title":{"rendered":"Thirrje p\u00ebr mobilitet n\u00eb Universitetin e Orl\u00e9ans, Franc\u00eb."},"content":{"rendered":"<p> <span style=\"font-family: &quot;Times New Roman&quot;, serif; font-size: 14pt; text-align: justify; color: initial;\">Hapet thirrja p\u00ebr student\u00eb t\u00eb Fakultetit Ekonomik, cikli Master, p\u00ebr mobilitet studimesh n\u00eb Universitetin e Orl\u00e9ans, Franc\u00eb. <\/span><p style=\"text-align:justify\" class=\"MsoNormal\"><span style=\"font-family: &quot;Times New Roman&quot;, serif; font-size: 14pt; color: initial;\">Shkembimi i studimeve parashikohet per semestrin e dyte, viti akademik 2023-2024.<\/span><\/p><p style=\"margin: 0in; text-align: justify; background-image: initial; background-position: initial; background-size: initial; background-repeat: initial; background-attachment: initial; background-origin: initial; background-clip: initial; vertical-align: baseline;\"><span style=\"font-size: 14pt;\">Student\u00ebt e interesuar jan\u00eb t\u00eb lutur t\u00eb paraqesin k\u00ebrkes\u00ebn p\u00ebr aplikim, deri n\u00eb dat\u00ebn\u00a0<strong><span style=\"border:none windowtext 1.0pt;mso-border-alt:none windowtext 0in;padding:0in\">15 n\u00ebntor 2023<\/span><\/strong>, pran\u00eb <\/span><span style=\"font-size:14.0pt\"><\/span><\/p><p style=\"margin: 0in; text-align: justify; background-image: initial; background-position: initial; background-size: initial; background-repeat: initial; background-attachment: initial; background-origin: initial; background-clip: initial; vertical-align: baseline;\"><span style=\"font-size: 14pt;\">Sektorit t\u00eb Projekteve dhe Marr\u00ebdh\u00ebnieve me Jasht\u00eb, Godina e Rektoratit, Kati II, R25.\u00a0<\/span><span style=\"font-size:14.0pt\"><\/span><\/p><p style=\"margin: 0in; text-align: justify; background-image: initial; background-position: initial; background-size: initial; background-repeat: initial; background-attachment: initial; background-origin: initial; background-clip: initial; vertical-align: baseline;\"><\/p><p style=\"margin: 0in 0in 15pt; text-align: justify; background-image: initial; background-position: initial; background-size: initial; background-repeat: initial; background-attachment: initial; background-origin: initial; background-clip: initial; vertical-align: baseline;\"><span style=\"font-size: 14pt;\">P\u00ebr detajime t\u00eb m\u00ebtejshme, ju lutemi, shkruani n\u00eb email:\u00a0<\/span><span style=\"font-size: revert; color: initial;\"> <\/span><\/p><p style=\"margin: 0in; text-align: justify; background-image: initial; background-position: initial; background-size: initial; background-repeat: initial; background-attachment: initial; background-origin: initial; background-clip: initial; vertical-align: baseline;\"><a href=\"mailto:fstillo@unkorce.edu.al\"><b><span style=\"font-size:14.0pt;color:black;mso-color-alt:windowtext;border:none windowtext 1.0pt;mso-border-alt:none windowtext 0in;padding:0in\">fstillo@unkorce.edu.al<\/span><\/b><\/a><em><b><span style=\"font-size: 14pt; border: 1pt none windowtext; padding: 0in;\"> <\/span><\/b><\/em><\/p><\/p>\n\n\n\n<p><p style=\"margin: 0in; text-align: justify; background-image: initial; background-position: initial; background-size: initial; background-repeat: initial; background-attachment: initial; background-origin: initial; background-clip: initial; vertical-align: baseline;\"><a style=\"font-size: revert;\" href=\"mailto:easabella@unkorce.edu.al\"><span style=\"font-size:14.0pt;line-height:115%;font-family:&quot;Times New Roman&quot;,serif;color:windowtext\">easabella@unkorce.edu.al<\/span><\/a><span style=\"color: initial; font-size: 14pt; line-height: 115%; font-family: &quot;Times New Roman&quot;, serif;\"> <\/span><\/p> <\/p>","protected":false},"excerpt":{"rendered":"<p>Hapet thirrja p\u00ebr student\u00eb t\u00eb Fakultetit Ekonomik, cikli Master, p\u00ebr mobilitet studimesh n\u00eb Universitetin e Orl\u00e9ans, Franc\u00eb. Shkembimi i studimeve parashikohet per semestrin e dyte, viti akademik 2023-2024. Student\u00ebt e interesuar jan\u00eb t\u00eb lutur t\u00eb paraqesin k\u00ebrkes\u00ebn p\u00ebr aplikim, deri n\u00eb dat\u00ebn\u00a015 n\u00ebntor 2023, pran\u00eb Sektorit t\u00eb Projekteve dhe Marr\u00ebdh\u00ebnieve me Jasht\u00eb, Godina e Rektoratit,&#8230;<\/p>","protected":false},"author":122,"featured_media":0,"parent":0,"menu_order":0,"comment_status":"closed","ping_status":"closed","template":"","meta":{"_acf_changed":false,"footnotes":""},"class_list":["post-20865","page","type-page","status-publish","hentry"],"acf":[],"yoast_head":"<!-- This site is optimized with the Yoast SEO plugin v26.9 - https:\/\/yoast.com\/product\/yoast-seo-wordpress\/ -->\n<title>Thirrje p\u00ebr mobilitet n\u00eb Universitetin e Orl\u00e9ans, Franc\u00eb. - Universiteti &quot;Fan S. Noli&quot;, Kor\u00e7\u00eb<\/title>\n<meta name=\"robots\" content=\"index, follow, max-snippet:-1, max-image-preview:large, max-video-preview:-1\" \/>\n<link rel=\"canonical\" href=\"https:\/\/unkorce.edu.al\/en\/thirrje-pe-mobilitet-ne-universitetin-e-orleans-france\/\" \/>\n<meta property=\"og:locale\" content=\"en_US\" \/>\n<meta property=\"og:type\" content=\"article\" \/>\n<meta property=\"og:title\" content=\"Thirrje p\u00ebr mobilitet n\u00eb Universitetin e Orl\u00e9ans, Franc\u00eb. - Universiteti &quot;Fan S. Noli&quot;, Kor\u00e7\u00eb\" \/>\n<meta property=\"og:description\" content=\"Hapet thirrja p\u00ebr student\u00eb t\u00eb Fakultetit Ekonomik, cikli Master, p\u00ebr mobilitet studimesh n\u00eb Universitetin e Orl\u00e9ans, Franc\u00eb. Shkembimi i studimeve parashikohet per semestrin e dyte, viti akademik 2023-2024. Student\u00ebt e interesuar jan\u00eb t\u00eb lutur t\u00eb paraqesin k\u00ebrkes\u00ebn p\u00ebr aplikim, deri n\u00eb dat\u00ebn\u00a015 n\u00ebntor 2023, pran\u00eb Sektorit t\u00eb Projekteve dhe Marr\u00ebdh\u00ebnieve me Jasht\u00eb, Godina e Rektoratit,...\" \/>\n<meta property=\"og:url\" content=\"https:\/\/unkorce.edu.al\/en\/thirrje-pe-mobilitet-ne-universitetin-e-orleans-france\/\" \/>\n<meta property=\"og:site_name\" content=\"Universiteti &quot;Fan S. Noli&quot;, Kor\u00e7\u00eb\" \/>\n<meta property=\"article:publisher\" content=\"https:\/\/www.facebook.com\/unkorce\" \/>\n<meta name=\"twitter:card\" content=\"summary_large_image\" \/>\n<script type=\"application\/ld+json\" class=\"yoast-schema-graph\">{\"@context\":\"https:\/\/schema.org\",\"@graph\":[{\"@type\":\"WebPage\",\"@id\":\"https:\/\/unkorce.edu.al\/thirrje-pe-mobilitet-ne-universitetin-e-orleans-france\/\",\"url\":\"https:\/\/unkorce.edu.al\/thirrje-pe-mobilitet-ne-universitetin-e-orleans-france\/\",\"name\":\"Thirrje p\u00ebr mobilitet n\u00eb Universitetin e Orl\u00e9ans, Franc\u00eb. - Universiteti \\\"Fan S. Noli\\\", Kor\u00e7\u00eb\",\"isPartOf\":{\"@id\":\"https:\/\/unkorce.edu.al\/#website\"},\"datePublished\":\"2023-11-01T14:19:36+00:00\",\"breadcrumb\":{\"@id\":\"https:\/\/unkorce.edu.al\/thirrje-pe-mobilitet-ne-universitetin-e-orleans-france\/#breadcrumb\"},\"inLanguage\":\"en-US\",\"potentialAction\":[{\"@type\":\"ReadAction\",\"target\":[\"https:\/\/unkorce.edu.al\/thirrje-pe-mobilitet-ne-universitetin-e-orleans-france\/\"]}]},{\"@type\":\"BreadcrumbList\",\"@id\":\"https:\/\/unkorce.edu.al\/thirrje-pe-mobilitet-ne-universitetin-e-orleans-france\/#breadcrumb\",\"itemListElement\":[{\"@type\":\"ListItem\",\"position\":1,\"name\":\"Home\",\"item\":\"https:\/\/unkorce.edu.al\/\"},{\"@type\":\"ListItem\",\"position\":2,\"name\":\"Thirrje p\u00ebr mobilitet n\u00eb Universitetin e Orl\u00e9ans, Franc\u00eb.\"}]},{\"@type\":\"WebSite\",\"@id\":\"https:\/\/unkorce.edu.al\/#website\",\"url\":\"https:\/\/unkorce.edu.al\/\",\"name\":\"Universiteti \\\"Fan S. Noli\\\", Kor\u00e7\u00eb\",\"description\":\"Mir&euml;sevini n&euml; faqen zyrtare!\",\"publisher\":{\"@id\":\"https:\/\/unkorce.edu.al\/#organization\"},\"potentialAction\":[{\"@type\":\"SearchAction\",\"target\":{\"@type\":\"EntryPoint\",\"urlTemplate\":\"https:\/\/unkorce.edu.al\/?s={search_term_string}\"},\"query-input\":{\"@type\":\"PropertyValueSpecification\",\"valueRequired\":true,\"valueName\":\"search_term_string\"}}],\"inLanguage\":\"en-US\"},{\"@type\":\"Organization\",\"@id\":\"https:\/\/unkorce.edu.al\/#organization\",\"name\":\"Universiteti \\\"Fan S. Noli\\\", Kor\u00e7\u00eb\",\"url\":\"https:\/\/unkorce.edu.al\/\",\"logo\":{\"@type\":\"ImageObject\",\"inLanguage\":\"en-US\",\"@id\":\"https:\/\/unkorce.edu.al\/#\/schema\/logo\/image\/\",\"url\":\"https:\/\/unkorce.edu.al\/wp-content\/uploads\/2024\/08\/Logo_e_Universitetit__Fan_Noli_-e1726660879862.png\",\"contentUrl\":\"https:\/\/unkorce.edu.al\/wp-content\/uploads\/2024\/08\/Logo_e_Universitetit__Fan_Noli_-e1726660879862.png\",\"width\":200,\"height\":120,\"caption\":\"Universiteti \\\"Fan S. Noli\\\", Kor\u00e7\u00eb\"},\"image\":{\"@id\":\"https:\/\/unkorce.edu.al\/#\/schema\/logo\/image\/\"},\"sameAs\":[\"https:\/\/www.facebook.com\/unkorce\"]}]}<\/script>\n<!-- \/ Yoast SEO plugin. -->","yoast_head_json":{"title":"Thirrje p\u00ebr mobilitet n\u00eb Universitetin e Orl\u00e9ans, Franc\u00eb. - Universiteti \"Fan S. Noli\", Kor\u00e7\u00eb","robots":{"index":"index","follow":"follow","max-snippet":"max-snippet:-1","max-image-preview":"max-image-preview:large","max-video-preview":"max-video-preview:-1"},"canonical":"https:\/\/unkorce.edu.al\/en\/thirrje-pe-mobilitet-ne-universitetin-e-orleans-france\/","og_locale":"en_US","og_type":"article","og_title":"Thirrje p\u00ebr mobilitet n\u00eb Universitetin e Orl\u00e9ans, Franc\u00eb. - Universiteti \"Fan S. Noli\", Kor\u00e7\u00eb","og_description":"Hapet thirrja p\u00ebr student\u00eb t\u00eb Fakultetit Ekonomik, cikli Master, p\u00ebr mobilitet studimesh n\u00eb Universitetin e Orl\u00e9ans, Franc\u00eb. Shkembimi i studimeve parashikohet per semestrin e dyte, viti akademik 2023-2024. Student\u00ebt e interesuar jan\u00eb t\u00eb lutur t\u00eb paraqesin k\u00ebrkes\u00ebn p\u00ebr aplikim, deri n\u00eb dat\u00ebn\u00a015 n\u00ebntor 2023, pran\u00eb Sektorit t\u00eb Projekteve dhe Marr\u00ebdh\u00ebnieve me Jasht\u00eb, Godina e Rektoratit,...","og_url":"https:\/\/unkorce.edu.al\/en\/thirrje-pe-mobilitet-ne-universitetin-e-orleans-france\/","og_site_name":"Universiteti \"Fan S. Noli\", Kor\u00e7\u00eb","article_publisher":"https:\/\/www.facebook.com\/unkorce","twitter_card":"summary_large_image","schema":{"@context":"https:\/\/schema.org","@graph":[{"@type":"WebPage","@id":"https:\/\/unkorce.edu.al\/thirrje-pe-mobilitet-ne-universitetin-e-orleans-france\/","url":"https:\/\/unkorce.edu.al\/thirrje-pe-mobilitet-ne-universitetin-e-orleans-france\/","name":"Thirrje p\u00ebr mobilitet n\u00eb Universitetin e Orl\u00e9ans, Franc\u00eb. - Universiteti \"Fan S. Noli\", Kor\u00e7\u00eb","isPartOf":{"@id":"https:\/\/unkorce.edu.al\/#website"},"datePublished":"2023-11-01T14:19:36+00:00","breadcrumb":{"@id":"https:\/\/unkorce.edu.al\/thirrje-pe-mobilitet-ne-universitetin-e-orleans-france\/#breadcrumb"},"inLanguage":"en-US","potentialAction":[{"@type":"ReadAction","target":["https:\/\/unkorce.edu.al\/thirrje-pe-mobilitet-ne-universitetin-e-orleans-france\/"]}]},{"@type":"BreadcrumbList","@id":"https:\/\/unkorce.edu.al\/thirrje-pe-mobilitet-ne-universitetin-e-orleans-france\/#breadcrumb","itemListElement":[{"@type":"ListItem","position":1,"name":"Home","item":"https:\/\/unkorce.edu.al\/"},{"@type":"ListItem","position":2,"name":"Thirrje p\u00ebr mobilitet n\u00eb Universitetin e Orl\u00e9ans, Franc\u00eb."}]},{"@type":"WebSite","@id":"https:\/\/unkorce.edu.al\/#website","url":"https:\/\/unkorce.edu.al\/","name":"Universiteti \"Fan S. Noli\", Kor\u00e7\u00eb","description":"Mir&euml;sevini n&euml; faqen zyrtare!","publisher":{"@id":"https:\/\/unkorce.edu.al\/#organization"},"potentialAction":[{"@type":"SearchAction","target":{"@type":"EntryPoint","urlTemplate":"https:\/\/unkorce.edu.al\/?s={search_term_string}"},"query-input":{"@type":"PropertyValueSpecification","valueRequired":true,"valueName":"search_term_string"}}],"inLanguage":"en-US"},{"@type":"Organization","@id":"https:\/\/unkorce.edu.al\/#organization","name":"Universiteti \"Fan S. Noli\", Kor\u00e7\u00eb","url":"https:\/\/unkorce.edu.al\/","logo":{"@type":"ImageObject","inLanguage":"en-US","@id":"https:\/\/unkorce.edu.al\/#\/schema\/logo\/image\/","url":"https:\/\/unkorce.edu.al\/wp-content\/uploads\/2024\/08\/Logo_e_Universitetit__Fan_Noli_-e1726660879862.png","contentUrl":"https:\/\/unkorce.edu.al\/wp-content\/uploads\/2024\/08\/Logo_e_Universitetit__Fan_Noli_-e1726660879862.png","width":200,"height":120,"caption":"Universiteti \"Fan S. Noli\", Kor\u00e7\u00eb"},"image":{"@id":"https:\/\/unkorce.edu.al\/#\/schema\/logo\/image\/"},"sameAs":["https:\/\/www.facebook.com\/unkorce"]}]}},"_links":{"self":[{"href":"https:\/\/unkorce.edu.al\/en\/wp-json\/wp\/v2\/pages\/20865","targetHints":{"allow":["GET"]}}],"collection":[{"href":"https:\/\/unkorce.edu.al\/en\/wp-json\/wp\/v2\/pages"}],"about":[{"href":"https:\/\/unkorce.edu.al\/en\/wp-json\/wp\/v2\/types\/page"}],"author":[{"embeddable":true,"href":"https:\/\/unkorce.edu.al\/en\/wp-json\/wp\/v2\/users\/122"}],"replies":[{"embeddable":true,"href":"https:\/\/unkorce.edu.al\/en\/wp-json\/wp\/v2\/comments?post=20865"}],"version-history":[{"count":0,"href":"https:\/\/unkorce.edu.al\/en\/wp-json\/wp\/v2\/pages\/20865\/revisions"}],"wp:attachment":[{"href":"https:\/\/unkorce.edu.al\/en\/wp-json\/wp\/v2\/media?parent=20865"}],"curies":[{"name":"wp","href":"https:\/\/api.w.org\/{rel}","templated":true}]}}

Thirrje për mobilitet në Universitetin e Orléans, Francë.

<p> <span style="font-family: &quot;Times New Roman&quot;, serif; font-size: 14pt; text-align: justify; color: initial;">Hapet thirrja për studentë të Fakultetit Ekonomik, cikli Master, për mobilitet studimesh në Universitetin e Orléans, Francë. </span><p style="text-align:justify" class="MsoNormal"><span style="font-family: &quot;Times New Roman&quot;, serif; font-size: 14pt; color: initial;">Shkembimi i studimeve parashikohet per semestrin e dyte, viti akademik 2023-2024.</span></p><p style="margin: 0in; text-align: justify; background-image: initial; background-position: initial; background-size: initial; background-repeat: initial; background-attachment: initial; background-origin: initial; background-clip: initial; vertical-align: baseline;"><span style="font-size: 14pt;">Studentët e interesuar janë të lutur të paraqesin kërkesën për aplikim, deri në datën <strong><span style="border:none windowtext 1.0pt;mso-border-alt:none windowtext 0in;padding:0in">15 nëntor 2023</span></strong>, pranë </span><span style="font-size:14.0pt"></span></p><p style="margin: 0in; text-align: justify; background-image: initial; background-position: initial; background-size: initial; background-repeat: initial; background-attachment: initial; background-origin: initial; background-clip: initial; vertical-align: baseline;"><span style="font-size: 14pt;">Sektorit të Projekteve dhe Marrëdhënieve me Jashtë, Godina e Rektoratit, Kati II, R25. </span><span style="font-size:14.0pt"></span></p><p style="margin: 0in; text-align: justify; background-image: initial; background-position: initial; background-size: initial; background-repeat: initial; background-attachment: initial; background-origin: initial; background-clip: initial; vertical-align: baseline;"></p><p style="margin: 0in 0in 15pt; text-align: justify; background-image: initial; background-position: initial; background-size: initial; background-repeat: initial; background-attachment: initial; background-origin: initial; background-clip: initial; vertical-align: baseline;"><span style="font-size: 14pt;">Për detajime të mëtejshme, ju lutemi, shkruani në email: </span><span style="font-size: revert; color: initial;"> </span></p><p style="margin: 0in; text-align: justify; background-image: initial; background-position: initial; background-size: initial; background-repeat: initial; background-attachment: initial; background-origin: initial; background-clip: initial; vertical-align: baseline;"><a href="mailto:fstillo@unkorce.edu.al"><b><span style="font-size:14.0pt;color:black;mso-color-alt:windowtext;border:none windowtext 1.0pt;mso-border-alt:none windowtext 0in;padding:0in">fstillo@unkorce.edu.al</span></b></a><em><b><span style="font-size: 14pt; border: 1pt none windowtext; padding: 0in;"> </span></b></em></p></p>



<p><p style="margin: 0in; text-align: justify; background-image: initial; background-position: initial; background-size: initial; background-repeat: initial; background-attachment: initial; background-origin: initial; background-clip: initial; vertical-align: baseline;"><a style="font-size: revert;" href="mailto:easabella@unkorce.edu.al"><span style="font-size:14.0pt;line-height:115%;font-family:&quot;Times New Roman&quot;,serif;color:windowtext">easabella@unkorce.edu.al</span></a><span style="color: initial; font-size: 14pt; line-height: 115%; font-family: &quot;Times New Roman&quot;, serif;"> </span></p> </p>

<p>Hapet thirrja për studentë të Fakultetit Ekonomik, cikli Master, për mobilitet studimesh në Universitetin e Orléans, Francë. Shkembimi i studimeve parashikohet per semestrin e dyte, viti akademik 2023-2024. Studentët e interesuar janë të lutur të paraqesin kërkesën për aplikim, deri në datën 15 nëntor 2023, pranë Sektorit të Projekteve dhe Marrëdhënieve me Jashtë, Godina e Rektoratit,&#8230;</p>

<!-- This site is optimized with the Yoast SEO plugin v26.9 - https://yoast.com/product/yoast-seo-wordpress/ -->
<title>Thirrje për mobilitet në Universitetin e Orléans, Francë. - Universiteti &quot;Fan S. Noli&quot;, Korçë</title>
<meta name="robots" content="index, follow, max-snippet:-1, max-image-preview:large, max-video-preview:-1" />
<link rel="canonical" href="https://unkorce.edu.al/en/thirrje-pe-mobilitet-ne-universitetin-e-orleans-france/" />
<meta property="og:locale" content="en_US" />
<meta property="og:type" content="article" />
<meta property="og:title" content="Thirrje për mobilitet në Universitetin e Orléans, Francë. - Universiteti &quot;Fan S. Noli&quot;, Korçë" />
<meta property="og:description" content="Hapet thirrja për studentë të Fakultetit Ekonomik, cikli Master, për mobilitet studimesh në Universitetin e Orléans, Francë. Shkembimi i studimeve parashikohet per semestrin e dyte, viti akademik 2023-2024. Studentët e interesuar janë të lutur të paraqesin kërkesën për aplikim, deri në datën 15 nëntor 2023, pranë Sektorit të Projekteve dhe Marrëdhënieve me Jashtë, Godina e Rektoratit,..." />
<meta property="og:url" content="https://unkorce.edu.al/en/thirrje-pe-mobilitet-ne-universitetin-e-orleans-france/" />
<meta property="og:site_name" content="Universiteti &quot;Fan S. Noli&quot;, Korçë" />
<meta property="article:publisher" content="https://www.facebook.com/unkorce" />
<meta name="twitter:card" content="summary_large_image" />
<script type="application/ld+json" class="yoast-schema-graph">{"@context":"https://schema.org","@graph":[{"@type":"WebPage","@id":"https://unkorce.edu.al/thirrje-pe-mobilitet-ne-universitetin-e-orleans-france/","url":"https://unkorce.edu.al/thirrje-pe-mobilitet-ne-universitetin-e-orleans-france/","name":"Thirrje për mobilitet në Universitetin e Orléans, Francë. - Universiteti \"Fan S. Noli\", Korçë","isPartOf":{"@id":"https://unkorce.edu.al/#website"},"datePublished":"2023-11-01T14:19:36+00:00","breadcrumb":{"@id":"https://unkorce.edu.al/thirrje-pe-mobilitet-ne-universitetin-e-orleans-france/#breadcrumb"},"inLanguage":"en-US","potentialAction":[{"@type":"ReadAction","target":["https://unkorce.edu.al/thirrje-pe-mobilitet-ne-universitetin-e-orleans-france/"]}]},{"@type":"BreadcrumbList","@id":"https://unkorce.edu.al/thirrje-pe-mobilitet-ne-universitetin-e-orleans-france/#breadcrumb","itemListElement":[{"@type":"ListItem","position":1,"name":"Home","item":"https://unkorce.edu.al/"},{"@type":"ListItem","position":2,"name":"Thirrje për mobilitet në Universitetin e Orléans, Francë."}]},{"@type":"WebSite","@id":"https://unkorce.edu.al/#website","url":"https://unkorce.edu.al/","name":"Universiteti \"Fan S. Noli\", Korçë","description":"Mir&euml;sevini n&euml; faqen zyrtare!","publisher":{"@id":"https://unkorce.edu.al/#organization"},"potentialAction":[{"@type":"SearchAction","target":{"@type":"EntryPoint","urlTemplate":"https://unkorce.edu.al/?s={search_term_string}"},"query-input":{"@type":"PropertyValueSpecification","valueRequired":true,"valueName":"search_term_string"}}],"inLanguage":"en-US"},{"@type":"Organization","@id":"https://unkorce.edu.al/#organization","name":"Universiteti \"Fan S. Noli\", Korçë","url":"https://unkorce.edu.al/","logo":{"@type":"ImageObject","inLanguage":"en-US","@id":"https://unkorce.edu.al/#/schema/logo/image/","url":"https://unkorce.edu.al/wp-content/uploads/2024/08/Logo_e_Universitetit__Fan_Noli_-e1726660879862.png","contentUrl":"https://unkorce.edu.al/wp-content/uploads/2024/08/Logo_e_Universitetit__Fan_Noli_-e1726660879862.png","width":200,"height":120,"caption":"Universiteti \"Fan S. Noli\", Korçë"},"image":{"@id":"https://unkorce.edu.al/#/schema/logo/image/"},"sameAs":["https://www.facebook.com/unkorce"]}]}</script>
<!-- / Yoast SEO plugin. -->

Thirrje për mobilitet në Universitetin e Orléans, Francë. - Universiteti "Fan S. Noli", Korçë

Hapet thirrja për studentë të Fakultetit Ekonomik, cikli Master, për mobilitet studimesh në Universitetin e Orléans, Francë. Shkembimi i studimeve parashikohet per semestrin e dyte, viti akademik 2023-2024. Studentët e interesuar janë të lutur të paraqesin kërkesën për aplikim, deri në datën 15 nëntor 2023, pranë Sektorit të Projekteve dhe Marrëdhënieve me Jashtë, Godina e Rektoratit,...

Universiteti "Fan S. Noli", Korçë
