{"id":15769,"date":"2022-11-23T14:09:13","date_gmt":"2022-11-23T14:09:13","guid":{"rendered":"\/?page_id=15769"},"modified":"2022-11-23T14:09:13","modified_gmt":"2022-11-23T14:09:13","slug":"botime-te-akteve-te-konferencave-shkencore","status":"publish","type":"page","link":"https:\/\/unkorce.edu.al\/en\/botime-te-akteve-te-konferencave-shkencore\/","title":{"rendered":"Botime t\u00eb akteve t\u00eb Konferencave Shkencore"},"content":{"rendered":"<p><a href=\"\/wp-content\/uploads\/2023\/02\/Proceedings-of-the-1-st-Conference-online.pdf\" class=\"ek-link\">Proceedings of the 1st International Conference &#8220;Linguistic Perspectives in the Light of Social Developments&#8221;<\/a><\/p>\n\n\n\n<p><a class=\"ek-link\" href=\"\/sites\/default\/files\/PROCEEDINGS OF THE SECOND INTERNATIONAL CONFERENCE RESEARCH, APPLICATION AND EDUCATIONAL METHODS RAEM-2021 (1).pdf\">Konferenca RAEM (I, II)<\/a><\/p>\n\n\n\n<p><a href=\"\/wp-content\/uploads\/2023\/06\/ASECU-BOOK-OF-PROCEEDINGS-ISBN-number-revised-1_compressed.pdf\">Proceedings of the 8<sup>th&nbsp;<\/sup>International Conference \u201cSocio-Economic Challenges in the Post-Pandemic Period\u201d<\/a><\/p>\n\n\n\n<p><a href=\"\/wp-content\/uploads\/2024\/01\/KONFERENCA-LASGUSH-PORADECI.pdf\">Artikujt e Konferenc\u00ebsh Shkencore: &#8220;Lasgush Poradeci n\u00eb 120-vjetorin e lindjes&#8221;<\/a><\/p>\n\n\n\n<p><a href=\"\/wp-content\/uploads\/2024\/02\/Asdreni-ne-150-vjetorin-e-lindjes-E-book.pdf\">Konferenca Shkencore Komb\u00ebtare &#8220;Asdreni n\u00eb 150-vjetorin e lindjes&#8221;<\/a><\/p>","protected":false},"excerpt":{"rendered":"<p>Proceedings of the 1st International Conference &#8220;Linguistic Perspectives in the Light of Social Developments&#8221; Konferenca RAEM (I, II) Proceedings of the 8th&nbsp;International Conference \u201cSocio-Economic Challenges in the Post-Pandemic Period\u201d Artikujt e Konferenc\u00ebsh Shkencore: &#8220;Lasgush Poradeci n\u00eb 120-vjetorin e lindjes&#8221; Konferenca Shkencore Komb\u00ebtare &#8220;Asdreni n\u00eb 150-vjetorin e lindjes&#8221;<\/p>","protected":false},"author":122,"featured_media":0,"parent":0,"menu_order":0,"comment_status":"closed","ping_status":"closed","template":"","meta":{"_acf_changed":false,"footnotes":""},"class_list":["post-15769","page","type-page","status-publish","hentry"],"acf":[],"yoast_head":"<!-- This site is optimized with the Yoast SEO plugin v26.9 - https:\/\/yoast.com\/product\/yoast-seo-wordpress\/ -->\n<title>Botime t\u00eb akteve t\u00eb Konferencave Shkencore - Universiteti &quot;Fan S. Noli&quot;, Kor\u00e7\u00eb<\/title>\n<meta name=\"robots\" content=\"index, follow, max-snippet:-1, max-image-preview:large, max-video-preview:-1\" \/>\n<link rel=\"canonical\" href=\"https:\/\/unkorce.edu.al\/en\/botime-te-akteve-te-konferencave-shkencore\/\" \/>\n<meta property=\"og:locale\" content=\"en_US\" \/>\n<meta property=\"og:type\" content=\"article\" \/>\n<meta property=\"og:title\" content=\"Botime t\u00eb akteve t\u00eb Konferencave Shkencore - Universiteti &quot;Fan S. Noli&quot;, Kor\u00e7\u00eb\" \/>\n<meta property=\"og:description\" content=\"Proceedings of the 1st International Conference &#8220;Linguistic Perspectives in the Light of Social Developments&#8221; Konferenca RAEM (I, II) Proceedings of the 8th&nbsp;International Conference \u201cSocio-Economic Challenges in the Post-Pandemic Period\u201d Artikujt e Konferenc\u00ebsh Shkencore: &#8220;Lasgush Poradeci n\u00eb 120-vjetorin e lindjes&#8221; Konferenca Shkencore Komb\u00ebtare &#8220;Asdreni n\u00eb 150-vjetorin e lindjes&#8221;\" \/>\n<meta property=\"og:url\" content=\"https:\/\/unkorce.edu.al\/en\/botime-te-akteve-te-konferencave-shkencore\/\" \/>\n<meta property=\"og:site_name\" content=\"Universiteti &quot;Fan S. Noli&quot;, Kor\u00e7\u00eb\" \/>\n<meta property=\"article:publisher\" content=\"https:\/\/www.facebook.com\/unkorce\" \/>\n<meta name=\"twitter:card\" content=\"summary_large_image\" \/>\n<script type=\"application\/ld+json\" class=\"yoast-schema-graph\">{\"@context\":\"https:\/\/schema.org\",\"@graph\":[{\"@type\":\"WebPage\",\"@id\":\"https:\/\/unkorce.edu.al\/botime-te-akteve-te-konferencave-shkencore\/\",\"url\":\"https:\/\/unkorce.edu.al\/botime-te-akteve-te-konferencave-shkencore\/\",\"name\":\"Botime t\u00eb akteve t\u00eb Konferencave Shkencore - Universiteti \\\"Fan S. Noli\\\", Kor\u00e7\u00eb\",\"isPartOf\":{\"@id\":\"https:\/\/unkorce.edu.al\/#website\"},\"datePublished\":\"2022-11-23T14:09:13+00:00\",\"breadcrumb\":{\"@id\":\"https:\/\/unkorce.edu.al\/botime-te-akteve-te-konferencave-shkencore\/#breadcrumb\"},\"inLanguage\":\"en-US\",\"potentialAction\":[{\"@type\":\"ReadAction\",\"target\":[\"https:\/\/unkorce.edu.al\/botime-te-akteve-te-konferencave-shkencore\/\"]}]},{\"@type\":\"BreadcrumbList\",\"@id\":\"https:\/\/unkorce.edu.al\/botime-te-akteve-te-konferencave-shkencore\/#breadcrumb\",\"itemListElement\":[{\"@type\":\"ListItem\",\"position\":1,\"name\":\"Home\",\"item\":\"https:\/\/unkorce.edu.al\/\"},{\"@type\":\"ListItem\",\"position\":2,\"name\":\"Botime t\u00eb akteve t\u00eb Konferencave Shkencore\"}]},{\"@type\":\"WebSite\",\"@id\":\"https:\/\/unkorce.edu.al\/#website\",\"url\":\"https:\/\/unkorce.edu.al\/\",\"name\":\"Universiteti \\\"Fan S. Noli\\\", Kor\u00e7\u00eb\",\"description\":\"Mir&euml;sevini n&euml; faqen zyrtare!\",\"publisher\":{\"@id\":\"https:\/\/unkorce.edu.al\/#organization\"},\"potentialAction\":[{\"@type\":\"SearchAction\",\"target\":{\"@type\":\"EntryPoint\",\"urlTemplate\":\"https:\/\/unkorce.edu.al\/?s={search_term_string}\"},\"query-input\":{\"@type\":\"PropertyValueSpecification\",\"valueRequired\":true,\"valueName\":\"search_term_string\"}}],\"inLanguage\":\"en-US\"},{\"@type\":\"Organization\",\"@id\":\"https:\/\/unkorce.edu.al\/#organization\",\"name\":\"Universiteti \\\"Fan S. Noli\\\", Kor\u00e7\u00eb\",\"url\":\"https:\/\/unkorce.edu.al\/\",\"logo\":{\"@type\":\"ImageObject\",\"inLanguage\":\"en-US\",\"@id\":\"https:\/\/unkorce.edu.al\/#\/schema\/logo\/image\/\",\"url\":\"https:\/\/unkorce.edu.al\/wp-content\/uploads\/2024\/08\/Logo_e_Universitetit__Fan_Noli_-e1726660879862.png\",\"contentUrl\":\"https:\/\/unkorce.edu.al\/wp-content\/uploads\/2024\/08\/Logo_e_Universitetit__Fan_Noli_-e1726660879862.png\",\"width\":200,\"height\":120,\"caption\":\"Universiteti \\\"Fan S. Noli\\\", Kor\u00e7\u00eb\"},\"image\":{\"@id\":\"https:\/\/unkorce.edu.al\/#\/schema\/logo\/image\/\"},\"sameAs\":[\"https:\/\/www.facebook.com\/unkorce\"]}]}<\/script>\n<!-- \/ Yoast SEO plugin. -->","yoast_head_json":{"title":"Botime t\u00eb akteve t\u00eb Konferencave Shkencore - Universiteti \"Fan S. Noli\", Kor\u00e7\u00eb","robots":{"index":"index","follow":"follow","max-snippet":"max-snippet:-1","max-image-preview":"max-image-preview:large","max-video-preview":"max-video-preview:-1"},"canonical":"https:\/\/unkorce.edu.al\/en\/botime-te-akteve-te-konferencave-shkencore\/","og_locale":"en_US","og_type":"article","og_title":"Botime t\u00eb akteve t\u00eb Konferencave Shkencore - Universiteti \"Fan S. Noli\", Kor\u00e7\u00eb","og_description":"Proceedings of the 1st International Conference &#8220;Linguistic Perspectives in the Light of Social Developments&#8221; Konferenca RAEM (I, II) Proceedings of the 8th&nbsp;International Conference \u201cSocio-Economic Challenges in the Post-Pandemic Period\u201d Artikujt e Konferenc\u00ebsh Shkencore: &#8220;Lasgush Poradeci n\u00eb 120-vjetorin e lindjes&#8221; Konferenca Shkencore Komb\u00ebtare &#8220;Asdreni n\u00eb 150-vjetorin e lindjes&#8221;","og_url":"https:\/\/unkorce.edu.al\/en\/botime-te-akteve-te-konferencave-shkencore\/","og_site_name":"Universiteti \"Fan S. Noli\", Kor\u00e7\u00eb","article_publisher":"https:\/\/www.facebook.com\/unkorce","twitter_card":"summary_large_image","schema":{"@context":"https:\/\/schema.org","@graph":[{"@type":"WebPage","@id":"https:\/\/unkorce.edu.al\/botime-te-akteve-te-konferencave-shkencore\/","url":"https:\/\/unkorce.edu.al\/botime-te-akteve-te-konferencave-shkencore\/","name":"Botime t\u00eb akteve t\u00eb Konferencave Shkencore - Universiteti \"Fan S. Noli\", Kor\u00e7\u00eb","isPartOf":{"@id":"https:\/\/unkorce.edu.al\/#website"},"datePublished":"2022-11-23T14:09:13+00:00","breadcrumb":{"@id":"https:\/\/unkorce.edu.al\/botime-te-akteve-te-konferencave-shkencore\/#breadcrumb"},"inLanguage":"en-US","potentialAction":[{"@type":"ReadAction","target":["https:\/\/unkorce.edu.al\/botime-te-akteve-te-konferencave-shkencore\/"]}]},{"@type":"BreadcrumbList","@id":"https:\/\/unkorce.edu.al\/botime-te-akteve-te-konferencave-shkencore\/#breadcrumb","itemListElement":[{"@type":"ListItem","position":1,"name":"Home","item":"https:\/\/unkorce.edu.al\/"},{"@type":"ListItem","position":2,"name":"Botime t\u00eb akteve t\u00eb Konferencave Shkencore"}]},{"@type":"WebSite","@id":"https:\/\/unkorce.edu.al\/#website","url":"https:\/\/unkorce.edu.al\/","name":"Universiteti \"Fan S. Noli\", Kor\u00e7\u00eb","description":"Mir&euml;sevini n&euml; faqen zyrtare!","publisher":{"@id":"https:\/\/unkorce.edu.al\/#organization"},"potentialAction":[{"@type":"SearchAction","target":{"@type":"EntryPoint","urlTemplate":"https:\/\/unkorce.edu.al\/?s={search_term_string}"},"query-input":{"@type":"PropertyValueSpecification","valueRequired":true,"valueName":"search_term_string"}}],"inLanguage":"en-US"},{"@type":"Organization","@id":"https:\/\/unkorce.edu.al\/#organization","name":"Universiteti \"Fan S. Noli\", Kor\u00e7\u00eb","url":"https:\/\/unkorce.edu.al\/","logo":{"@type":"ImageObject","inLanguage":"en-US","@id":"https:\/\/unkorce.edu.al\/#\/schema\/logo\/image\/","url":"https:\/\/unkorce.edu.al\/wp-content\/uploads\/2024\/08\/Logo_e_Universitetit__Fan_Noli_-e1726660879862.png","contentUrl":"https:\/\/unkorce.edu.al\/wp-content\/uploads\/2024\/08\/Logo_e_Universitetit__Fan_Noli_-e1726660879862.png","width":200,"height":120,"caption":"Universiteti \"Fan S. Noli\", Kor\u00e7\u00eb"},"image":{"@id":"https:\/\/unkorce.edu.al\/#\/schema\/logo\/image\/"},"sameAs":["https:\/\/www.facebook.com\/unkorce"]}]}},"_links":{"self":[{"href":"https:\/\/unkorce.edu.al\/en\/wp-json\/wp\/v2\/pages\/15769","targetHints":{"allow":["GET"]}}],"collection":[{"href":"https:\/\/unkorce.edu.al\/en\/wp-json\/wp\/v2\/pages"}],"about":[{"href":"https:\/\/unkorce.edu.al\/en\/wp-json\/wp\/v2\/types\/page"}],"author":[{"embeddable":true,"href":"https:\/\/unkorce.edu.al\/en\/wp-json\/wp\/v2\/users\/122"}],"replies":[{"embeddable":true,"href":"https:\/\/unkorce.edu.al\/en\/wp-json\/wp\/v2\/comments?post=15769"}],"version-history":[{"count":0,"href":"https:\/\/unkorce.edu.al\/en\/wp-json\/wp\/v2\/pages\/15769\/revisions"}],"wp:attachment":[{"href":"https:\/\/unkorce.edu.al\/en\/wp-json\/wp\/v2\/media?parent=15769"}],"curies":[{"name":"wp","href":"https:\/\/api.w.org\/{rel}","templated":true}]}}

Botime të akteve të Konferencave Shkencore

<p><a href="/wp-content/uploads/2023/02/Proceedings-of-the-1-st-Conference-online.pdf" class="ek-link">Proceedings of the 1st International Conference &#8220;Linguistic Perspectives in the Light of Social Developments&#8221;</a></p>



<p><a class="ek-link" href="/sites/default/files/PROCEEDINGS OF THE SECOND INTERNATIONAL CONFERENCE RESEARCH, APPLICATION AND EDUCATIONAL METHODS RAEM-2021 (1).pdf">Konferenca RAEM (I, II)</a></p>



<p><a href="/wp-content/uploads/2023/06/ASECU-BOOK-OF-PROCEEDINGS-ISBN-number-revised-1_compressed.pdf">Proceedings of the 8<sup>th&nbsp;</sup>International Conference “Socio-Economic Challenges in the Post-Pandemic Period”</a></p>



<p><a href="/wp-content/uploads/2024/01/KONFERENCA-LASGUSH-PORADECI.pdf">Artikujt e Konferencësh Shkencore: &#8220;Lasgush Poradeci në 120-vjetorin e lindjes&#8221;</a></p>



<p><a href="/wp-content/uploads/2024/02/Asdreni-ne-150-vjetorin-e-lindjes-E-book.pdf">Konferenca Shkencore Kombëtare &#8220;Asdreni në 150-vjetorin e lindjes&#8221;</a></p>

<p>Proceedings of the 1st International Conference &#8220;Linguistic Perspectives in the Light of Social Developments&#8221; Konferenca RAEM (I, II) Proceedings of the 8th&nbsp;International Conference “Socio-Economic Challenges in the Post-Pandemic Period” Artikujt e Konferencësh Shkencore: &#8220;Lasgush Poradeci në 120-vjetorin e lindjes&#8221; Konferenca Shkencore Kombëtare &#8220;Asdreni në 150-vjetorin e lindjes&#8221;</p>

<!-- This site is optimized with the Yoast SEO plugin v26.9 - https://yoast.com/product/yoast-seo-wordpress/ -->
<title>Botime të akteve të Konferencave Shkencore - Universiteti &quot;Fan S. Noli&quot;, Korçë</title>
<meta name="robots" content="index, follow, max-snippet:-1, max-image-preview:large, max-video-preview:-1" />
<link rel="canonical" href="https://unkorce.edu.al/en/botime-te-akteve-te-konferencave-shkencore/" />
<meta property="og:locale" content="en_US" />
<meta property="og:type" content="article" />
<meta property="og:title" content="Botime të akteve të Konferencave Shkencore - Universiteti &quot;Fan S. Noli&quot;, Korçë" />
<meta property="og:description" content="Proceedings of the 1st International Conference &#8220;Linguistic Perspectives in the Light of Social Developments&#8221; Konferenca RAEM (I, II) Proceedings of the 8th&nbsp;International Conference “Socio-Economic Challenges in the Post-Pandemic Period” Artikujt e Konferencësh Shkencore: &#8220;Lasgush Poradeci në 120-vjetorin e lindjes&#8221; Konferenca Shkencore Kombëtare &#8220;Asdreni në 150-vjetorin e lindjes&#8221;" />
<meta property="og:url" content="https://unkorce.edu.al/en/botime-te-akteve-te-konferencave-shkencore/" />
<meta property="og:site_name" content="Universiteti &quot;Fan S. Noli&quot;, Korçë" />
<meta property="article:publisher" content="https://www.facebook.com/unkorce" />
<meta name="twitter:card" content="summary_large_image" />
<script type="application/ld+json" class="yoast-schema-graph">{"@context":"https://schema.org","@graph":[{"@type":"WebPage","@id":"https://unkorce.edu.al/botime-te-akteve-te-konferencave-shkencore/","url":"https://unkorce.edu.al/botime-te-akteve-te-konferencave-shkencore/","name":"Botime të akteve të Konferencave Shkencore - Universiteti \"Fan S. Noli\", Korçë","isPartOf":{"@id":"https://unkorce.edu.al/#website"},"datePublished":"2022-11-23T14:09:13+00:00","breadcrumb":{"@id":"https://unkorce.edu.al/botime-te-akteve-te-konferencave-shkencore/#breadcrumb"},"inLanguage":"en-US","potentialAction":[{"@type":"ReadAction","target":["https://unkorce.edu.al/botime-te-akteve-te-konferencave-shkencore/"]}]},{"@type":"BreadcrumbList","@id":"https://unkorce.edu.al/botime-te-akteve-te-konferencave-shkencore/#breadcrumb","itemListElement":[{"@type":"ListItem","position":1,"name":"Home","item":"https://unkorce.edu.al/"},{"@type":"ListItem","position":2,"name":"Botime të akteve të Konferencave Shkencore"}]},{"@type":"WebSite","@id":"https://unkorce.edu.al/#website","url":"https://unkorce.edu.al/","name":"Universiteti \"Fan S. Noli\", Korçë","description":"Mir&euml;sevini n&euml; faqen zyrtare!","publisher":{"@id":"https://unkorce.edu.al/#organization"},"potentialAction":[{"@type":"SearchAction","target":{"@type":"EntryPoint","urlTemplate":"https://unkorce.edu.al/?s={search_term_string}"},"query-input":{"@type":"PropertyValueSpecification","valueRequired":true,"valueName":"search_term_string"}}],"inLanguage":"en-US"},{"@type":"Organization","@id":"https://unkorce.edu.al/#organization","name":"Universiteti \"Fan S. Noli\", Korçë","url":"https://unkorce.edu.al/","logo":{"@type":"ImageObject","inLanguage":"en-US","@id":"https://unkorce.edu.al/#/schema/logo/image/","url":"https://unkorce.edu.al/wp-content/uploads/2024/08/Logo_e_Universitetit__Fan_Noli_-e1726660879862.png","contentUrl":"https://unkorce.edu.al/wp-content/uploads/2024/08/Logo_e_Universitetit__Fan_Noli_-e1726660879862.png","width":200,"height":120,"caption":"Universiteti \"Fan S. Noli\", Korçë"},"image":{"@id":"https://unkorce.edu.al/#/schema/logo/image/"},"sameAs":["https://www.facebook.com/unkorce"]}]}</script>
<!-- / Yoast SEO plugin. -->

Botime të akteve të Konferencave Shkencore - Universiteti "Fan S. Noli", Korçë

Proceedings of the 1st International Conference &#8220;Linguistic Perspectives in the Light of Social Developments&#8221; Konferenca RAEM (I, II) Proceedings of the 8th&nbsp;International Conference “Socio-Economic Challenges in the Post-Pandemic Period” Artikujt e Konferencësh Shkencore: &#8220;Lasgush Poradeci në 120-vjetorin e lindjes&#8221; Konferenca Shkencore Kombëtare &#8220;Asdreni në 150-vjetorin e lindjes&#8221;

Universiteti "Fan S. Noli", Korçë
