{"version":"1.0","provider_name":"Universiteti \"Fan S. Noli\", Kor\u00e7\u00eb","provider_url":"https:\/\/unkorce.edu.al\/en","author_name":"Brikela Qelemeni","author_url":"https:\/\/unkorce.edu.al\/en\/author\/brikela\/","title":"P\u00cbRMBYLLET PROJEKTI KOMB\u00cbTAR STI(G)MA-PREZANTOHEN GJETJET - Universiteti \"Fan S. Noli\", Kor\u00e7\u00eb","type":"rich","width":600,"height":338,"html":"<blockquote class=\"wp-embedded-content\" data-secret=\"CwfLFF0kA6\"><a href=\"https:\/\/unkorce.edu.al\/en\/permbyllet-projekti-kombetar-stigma-prezantohen-gjetjet\/\">P\u00cbRMBYLLET PROJEKTI KOMB\u00cbTAR STI(G)MA-PREZANTOHEN GJETJET<\/a><\/blockquote><iframe sandbox=\"allow-scripts\" security=\"restricted\" src=\"https:\/\/unkorce.edu.al\/en\/permbyllet-projekti-kombetar-stigma-prezantohen-gjetjet\/embed\/#?secret=CwfLFF0kA6\" width=\"600\" height=\"338\" title=\"&#8220;P\u00cbRMBYLLET PROJEKTI KOMB\u00cbTAR STI(G)MA-PREZANTOHEN GJETJET&#8221; &#8212; Universiteti &quot;Fan S. Noli&quot;, Kor\u00e7\u00eb\" data-secret=\"CwfLFF0kA6\" frameborder=\"0\" marginwidth=\"0\" marginheight=\"0\" scrolling=\"no\" class=\"wp-embedded-content\"><\/iframe><script>\n\/*! This file is auto-generated *\/\n!function(d,l){\"use strict\";l.querySelector&&d.addEventListener&&\"undefined\"!=typeof URL&&(d.wp=d.wp||{},d.wp.receiveEmbedMessage||(d.wp.receiveEmbedMessage=function(e){var t=e.data;if((t||t.secret||t.message||t.value)&&!\/[^a-zA-Z0-9]\/.test(t.secret)){for(var s,r,n,a=l.querySelectorAll('iframe[data-secret=\"'+t.secret+'\"]'),o=l.querySelectorAll('blockquote[data-secret=\"'+t.secret+'\"]'),c=new RegExp(\"^https?:$\",\"i\"),i=0;i<o.length;i++)o[i].style.display=\"none\";for(i=0;i<a.length;i++)s=a[i],e.source===s.contentWindow&&(s.removeAttribute(\"style\"),\"height\"===t.message?(1e3<(r=parseInt(t.value,10))?r=1e3:~~r<200&&(r=200),s.height=r):\"link\"===t.message&&(r=new URL(s.getAttribute(\"src\")),n=new URL(t.value),c.test(n.protocol))&&n.host===r.host&&l.activeElement===s&&(d.top.location.href=t.value))}},d.addEventListener(\"message\",d.wp.receiveEmbedMessage,!1),l.addEventListener(\"DOMContentLoaded\",function(){for(var e,t,s=l.querySelectorAll(\"iframe.wp-embedded-content\"),r=0;r<s.length;r++)(t=(e=s[r]).getAttribute(\"data-secret\"))||(t=Math.random().toString(36).substring(2,12),e.src+=\"#?secret=\"+t,e.setAttribute(\"data-secret\",t)),e.contentWindow.postMessage({message:\"ready\",secret:t},\"*\")},!1)))}(window,document);\n\/\/# sourceURL=https:\/\/unkorce.edu.al\/wp-includes\/js\/wp-embed.min.js\n<\/script>","thumbnail_url":"https:\/\/unkorce.edu.al\/wp-content\/uploads\/2026\/02\/IMG_2870-scaled.jpg","thumbnail_width":2560,"thumbnail_height":1707,"description":"&nbsp; N\u00eb dat\u00ebn 20 shkurt 2026 u zhvillua n\u00eb mjediset e Fakultetit t\u00eb Edukimit dhe Filologjis\u00eb nj\u00eb tryez\u00eb e rrumbullak\u00ebt diskutimi n\u00eb kuad\u00ebr t\u00eb p\u00ebrmbylljes s\u00eb projektit komb\u00ebtar STI(G)MA \u2013 \u201cStudim Krahasues i Stigmatizimit n\u00eb Diskursin Mediatik n\u00eb Gjuh\u00ebn Shqipe dhe Angleze n\u00ebp\u00ebrmjet Teknologjis\u00eb s\u00eb Informacionit dhe Digjitalizimit\u201d. N\u00eb k\u00ebt\u00eb takim ishin t\u00eb pranish\u00ebm drejtues..."}

Universiteti "Fan S. Noli", Korçë

PËRMBYLLET PROJEKTI KOMBËTAR STI(G)MA-PREZANTOHEN GJETJET - Universiteti "Fan S. Noli", Korçë

<blockquote class="wp-embedded-content" data-secret="CwfLFF0kA6"><a href="https://unkorce.edu.al/en/permbyllet-projekti-kombetar-stigma-prezantohen-gjetjet/">PËRMBYLLET PROJEKTI KOMBËTAR STI(G)MA-PREZANTOHEN GJETJET</a></blockquote><iframe sandbox="allow-scripts" security="restricted" src="https://unkorce.edu.al/en/permbyllet-projekti-kombetar-stigma-prezantohen-gjetjet/embed/#?secret=CwfLFF0kA6" width="600" height="338" title="&#8220;PËRMBYLLET PROJEKTI KOMBËTAR STI(G)MA-PREZANTOHEN GJETJET&#8221; &#8212; Universiteti &quot;Fan S. Noli&quot;, Korçë" data-secret="CwfLFF0kA6" frameborder="0" marginwidth="0" marginheight="0" scrolling="no" class="wp-embedded-content"></iframe><script>
/*! This file is auto-generated */
!function(d,l){"use strict";l.querySelector&&d.addEventListener&&"undefined"!=typeof URL&&(d.wp=d.wp||{},d.wp.receiveEmbedMessage||(d.wp.receiveEmbedMessage=function(e){var t=e.data;if((t||t.secret||t.message||t.value)&&!/[^a-zA-Z0-9]/.test(t.secret)){for(var s,r,n,a=l.querySelectorAll('iframe[data-secret="'+t.secret+'"]'),o=l.querySelectorAll('blockquote[data-secret="'+t.secret+'"]'),c=new RegExp("^https?:$","i"),i=0;i<o.length;i++)o[i].style.display="none";for(i=0;i<a.length;i++)s=a[i],e.source===s.contentWindow&&(s.removeAttribute("style"),"height"===t.message?(1e3<(r=parseInt(t.value,10))?r=1e3:~~r<200&&(r=200),s.height=r):"link"===t.message&&(r=new URL(s.getAttribute("src")),n=new URL(t.value),c.test(n.protocol))&&n.host===r.host&&l.activeElement===s&&(d.top.location.href=t.value))}},d.addEventListener("message",d.wp.receiveEmbedMessage,!1),l.addEventListener("DOMContentLoaded",function(){for(var e,t,s=l.querySelectorAll("iframe.wp-embedded-content"),r=0;r<s.length;r++)(t=(e=s[r]).getAttribute("data-secret"))||(t=Math.random().toString(36).substring(2,12),e.src+="#?secret="+t,e.setAttribute("data-secret",t)),e.contentWindow.postMessage({message:"ready",secret:t},"*")},!1)))}(window,document);
//# sourceURL=https://unkorce.edu.al/wp-includes/js/wp-embed.min.js
</script>

&nbsp; Në datën 20 shkurt 2026 u zhvillua në mjediset e Fakultetit të Edukimit dhe Filologjisë një tryezë e rrumbullakët diskutimi në kuadër të përmbylljes së projektit kombëtar STI(G)MA – “Studim Krahasues i Stigmatizimit në Diskursin Mediatik në Gjuhën Shqipe dhe Angleze nëpërmjet Teknologjisë së Informacionit dhe Digjitalizimit”. Në këtë takim ishin të pranishëm drejtues...
